Dec 03 06:27:48.310 INFO testing gse_do_not_disturb-1.2.0 against master#8940af3cea4a9a9deabcaf843b2f8cad9a83fc61 for beta-1.31-5
Dec 03 06:27:48.310 INFO running `"docker" "create" "-v" "/mnt/big/crater/work/local/target-dirs/beta-1.31-5/worker-1/master#8940af3cea4a9a9deabcaf843b2f8cad9a83fc61:/target:rw,Z" "-v" "/mnt/big/crater/work/local/test-source/worker-1/beta-1.31-5/master#8940af3cea4a9a9deabcaf843b2f8cad9a83fc61:/source:ro,Z" "-v" "/mnt/big/crater/work/local/cargo-home:/cargo-home:ro,Z" "-v" "/mnt/big/crater/work/local/rustup-home:/rustup-home:ro,Z" "-e" "USER_ID=1000" "-e" "SOURCE_DIR=/source" "-e" "USER_ID=1000" "-e" "CMD=cargo +8940af3cea4a9a9deabcaf843b2f8cad9a83fc61-alt build --frozen" "-e" "CARGO_TARGET_DIR=/target" "-e" "CARGO_INCREMENTAL=0" "-e" "RUST_BACKTRACE=full" "-e" "RUSTFLAGS=--cap-lints=warn" "-e" "CARGO_HOME=/cargo-home" "-e" "RUSTUP_HOME=/rustup-home" "-m" "1536M" "--network" "none" "crater"`
Dec 03 06:27:48.526 INFO [stdout] f673ce7dc4a5bc2ff89ea29b56fe8ed2c6bd9826f6c0315be0c9c92e65c1da91
Dec 03 06:27:48.528 INFO running `"docker" "start" "-a" "f673ce7dc4a5bc2ff89ea29b56fe8ed2c6bd9826f6c0315be0c9c92e65c1da91"`
Dec 03 06:27:48.994 INFO [stderr] usermod: no changes
Dec 03 06:27:49.026 INFO [stderr]    Compiling dconf_rs v0.3.0
Dec 03 06:27:50.103 INFO [stderr]    Compiling gse_do_not_disturb v1.2.0 (/source)
Dec 03 06:27:50.766 INFO [stderr]     Finished dev [unoptimized + debuginfo] target(s) in 1.75s
Dec 03 06:27:50.768 INFO [stderr] su: No module specific data is present
Dec 03 06:27:51.191 INFO running `"docker" "inspect" "f673ce7dc4a5bc2ff89ea29b56fe8ed2c6bd9826f6c0315be0c9c92e65c1da91"`
Dec 03 06:27:51.293 INFO running `"docker" "rm" "-f" "f673ce7dc4a5bc2ff89ea29b56fe8ed2c6bd9826f6c0315be0c9c92e65c1da91"`
Dec 03 06:27:51.362 INFO [stdout] f673ce7dc4a5bc2ff89ea29b56fe8ed2c6bd9826f6c0315be0c9c92e65c1da91
Dec 03 06:27:51.364 INFO running `"docker" "create" "-v" "/mnt/big/crater/work/local/target-dirs/beta-1.31-5/worker-1/master#8940af3cea4a9a9deabcaf843b2f8cad9a83fc61:/target:rw,Z" "-v" "/mnt/big/crater/work/local/test-source/worker-1/beta-1.31-5/master#8940af3cea4a9a9deabcaf843b2f8cad9a83fc61:/source:ro,Z" "-v" "/mnt/big/crater/work/local/cargo-home:/cargo-home:ro,Z" "-v" "/mnt/big/crater/work/local/rustup-home:/rustup-home:ro,Z" "-e" "USER_ID=1000" "-e" "SOURCE_DIR=/source" "-e" "USER_ID=1000" "-e" "CMD=cargo +8940af3cea4a9a9deabcaf843b2f8cad9a83fc61-alt test --frozen --no-run" "-e" "CARGO_TARGET_DIR=/target" "-e" "CARGO_INCREMENTAL=0" "-e" "RUST_BACKTRACE=full" "-e" "RUSTFLAGS=--cap-lints=warn" "-e" "CARGO_HOME=/cargo-home" "-e" "RUSTUP_HOME=/rustup-home" "-m" "1536M" "--network" "none" "crater"`
Dec 03 06:27:51.528 INFO [stdout] dd0f711306a88912c66a648b17a1c0da57187329d04459f34c3021f81c3880e5
Dec 03 06:27:51.529 INFO running `"docker" "start" "-a" "dd0f711306a88912c66a648b17a1c0da57187329d04459f34c3021f81c3880e5"`
Dec 03 06:27:52.056 INFO [stderr] usermod: no changes
Dec 03 06:27:52.098 INFO [stderr]    Compiling gse_do_not_disturb v1.2.0 (/source)
Dec 03 06:27:54.084 INFO [stderr]     Finished dev [unoptimized + debuginfo] target(s) in 2.00s
Dec 03 06:27:54.087 INFO [stderr] su: No module specific data is present
Dec 03 06:27:55.115 INFO running `"docker" "inspect" "dd0f711306a88912c66a648b17a1c0da57187329d04459f34c3021f81c3880e5"`
Dec 03 06:27:55.371 INFO running `"docker" "rm" "-f" "dd0f711306a88912c66a648b17a1c0da57187329d04459f34c3021f81c3880e5"`
Dec 03 06:27:55.575 INFO [stdout] dd0f711306a88912c66a648b17a1c0da57187329d04459f34c3021f81c3880e5
Dec 03 06:27:55.581 INFO running `"docker" "create" "-v" "/mnt/big/crater/work/local/target-dirs/beta-1.31-5/worker-1/master#8940af3cea4a9a9deabcaf843b2f8cad9a83fc61:/target:rw,Z" "-v" "/mnt/big/crater/work/local/test-source/worker-1/beta-1.31-5/master#8940af3cea4a9a9deabcaf843b2f8cad9a83fc61:/source:ro,Z" "-v" "/mnt/big/crater/work/local/cargo-home:/cargo-home:ro,Z" "-v" "/mnt/big/crater/work/local/rustup-home:/rustup-home:ro,Z" "-e" "USER_ID=1000" "-e" "SOURCE_DIR=/source" "-e" "USER_ID=1000" "-e" "CMD=cargo +8940af3cea4a9a9deabcaf843b2f8cad9a83fc61-alt test --frozen" "-e" "CARGO_TARGET_DIR=/target" "-e" "CARGO_INCREMENTAL=0" "-e" "RUST_BACKTRACE=full" "-e" "RUSTFLAGS=--cap-lints=warn" "-e" "CARGO_HOME=/cargo-home" "-e" "RUSTUP_HOME=/rustup-home" "-m" "1536M" "--network" "none" "crater"`
Dec 03 06:27:55.997 INFO [stdout] 3a39152c4b7a37df6e470b2c621b9004013332de3fc97ef8029fbfa27356516c
Dec 03 06:27:56.000 INFO running `"docker" "start" "-a" "3a39152c4b7a37df6e470b2c621b9004013332de3fc97ef8029fbfa27356516c"`
Dec 03 06:27:56.539 INFO [stderr] usermod: no changes
Dec 03 06:27:56.568 INFO [stderr]     Finished dev [unoptimized + debuginfo] target(s) in 0.01s
Dec 03 06:27:56.569 INFO [stderr]      Running /target/debug/deps/gse_do_not_disturb-620c209bce239818
Dec 03 06:27:56.572 INFO [stdout] 
Dec 03 06:27:56.572 INFO [stdout] running 0 tests
Dec 03 06:27:56.572 INFO [stdout] 
Dec 03 06:27:56.572 INFO [stdout] test result: ok. 0 passed; 0 failed; 0 ignored; 0 measured; 0 filtered out
Dec 03 06:27:56.572 INFO [stdout] 
Dec 03 06:27:56.574 INFO [stdout] 
Dec 03 06:27:56.574 INFO [stdout] running 1 test
Dec 03 06:27:56.574 INFO [stderr]      Running /target/debug/deps/integration_test-5af463564923cff4
Dec 03 06:27:56.619 INFO [stdout] test dnd_activates ... FAILED
Dec 03 06:27:56.619 INFO [stdout] 
Dec 03 06:27:56.619 INFO [stdout] failures:
Dec 03 06:27:56.619 INFO [stdout] 
Dec 03 06:27:56.619 INFO [stdout] ---- dnd_activates stdout ----
Dec 03 06:27:56.619 INFO [stdout] thread 'dnd_activates' panicked at 'called `Result::unwrap()` on an `Err` value: "Do not disturb extension not installed"', libcore/result.rs:1009:5
Dec 03 06:27:56.619 INFO [stdout] stack backtrace:
Dec 03 06:27:56.619 INFO [stdout]    0:     0x56026d1c0a0f - std::sys::unix::backtrace::tracing::imp::unwind_backtrace::h3a8b83e1922cbdde
Dec 03 06:27:56.619 INFO [stdout]                                at libstd/sys/unix/backtrace/tracing/gcc_s.rs:49
Dec 03 06:27:56.619 INFO [stdout]    1:     0x56026d1cd227 - std::sys_common::backtrace::print::h00d3155a29b4020f
Dec 03 06:27:56.619 INFO [stdout]                                at libstd/sys_common/backtrace.rs:71
Dec 03 06:27:56.619 INFO [stdout]                                at libstd/sys_common/backtrace.rs:59
Dec 03 06:27:56.619 INFO [stdout]    2:     0x56026d1c5ddf - std::panicking::default_hook::{{closure}}::hd7465c742e79e1bb
Dec 03 06:27:56.619 INFO [stdout]                                at libstd/panicking.rs:211
Dec 03 06:27:56.619 INFO [stdout]    3:     0x56026d1c5ade - std::panicking::default_hook::h9e3966f2aa2a6e12
Dec 03 06:27:56.619 INFO [stdout]                                at libstd/panicking.rs:221
Dec 03 06:27:56.619 INFO [stdout]    4:     0x56026d1c64be - std::panicking::rust_panic_with_hook::h587f091ae747d080
Dec 03 06:27:56.619 INFO [stdout]                                at libstd/panicking.rs:476
Dec 03 06:27:56.619 INFO [stdout]    5:     0x56026d1c6061 - std::panicking::continue_panic_fmt::hb3a4fdede87f43a8
Dec 03 06:27:56.619 INFO [stdout]                                at libstd/panicking.rs:390
Dec 03 06:27:56.619 INFO [stdout]    6:     0x56026d1c5f45 - rust_begin_unwind
Dec 03 06:27:56.619 INFO [stdout]                                at libstd/panicking.rs:325
Dec 03 06:27:56.619 INFO [stdout]    7:     0x56026d20839c - core::panicking::panic_fmt::h6f9cebf5e7474a0b
Dec 03 06:27:56.619 INFO [stdout]                                at libcore/panicking.rs:77
Dec 03 06:27:56.619 INFO [stdout]    8:     0x56026d15e3fb - core::result::unwrap_failed::ha760ba2e0b2e1493
Dec 03 06:27:56.619 INFO [stdout]                                at libcore/macros.rs:26
Dec 03 06:27:56.619 INFO [stdout]    9:     0x56026d15e07e - <core::result::Result<T, E>>::unwrap::h0ef7b76f86a87b16
Dec 03 06:27:56.619 INFO [stdout]                                at libcore/result.rs:808
Dec 03 06:27:56.619 INFO [stdout]   10:     0x56026d15e57c - integration_test::dnd_activates::ha80564189b36a568
Dec 03 06:27:56.619 INFO [stdout]                                at tests/integration_test.rs:8
Dec 03 06:27:56.619 INFO [stdout]   11:     0x56026d15e549 - integration_test::dnd_activates::{{closure}}::h2e6ada4c27cf4454
Dec 03 06:27:56.619 INFO [stdout]                                at tests/integration_test.rs:7
Dec 03 06:27:56.619 INFO [stdout]   12:     0x56026d15e46d - core::ops::function::FnOnce::call_once::hd60c84c3ad22005f
Dec 03 06:27:56.619 INFO [stdout]                                at libcore/ops/function.rs:238
Dec 03 06:27:56.619 INFO [stdout]   13:     0x56026d160cce - <F as alloc::boxed::FnBox<A>>::call_box::hac903f91577a156c
Dec 03 06:27:56.619 INFO [stdout]                                at libtest/lib.rs:1468
Dec 03 06:27:56.619 INFO [stdout]                                at libcore/ops/function.rs:238
Dec 03 06:27:56.619 INFO [stdout]                                at liballoc/boxed.rs:672
Dec 03 06:27:56.619 INFO [stdout]   14:     0x56026d1d81d9 - __rust_maybe_catch_panic
Dec 03 06:27:56.619 INFO [stdout]                                at libpanic_unwind/lib.rs:102
Dec 03 06:27:56.619 INFO [stdout]   15:     0x56026d182922 - std::sys_common::backtrace::__rust_begin_short_backtrace::hb8f0d0309526c184
Dec 03 06:27:56.619 INFO [stdout]                                at libstd/panicking.rs:289
Dec 03 06:27:56.619 INFO [stdout]                                at libstd/panic.rs:392
Dec 03 06:27:56.619 INFO [stdout]                                at libtest/lib.rs:1423
Dec 03 06:27:56.619 INFO [stdout]                                at libstd/sys_common/backtrace.rs:136
Dec 03 06:27:56.619 INFO [stdout]   16:     0x56026d1833d4 - std::panicking::try::do_call::hc2f7c8b9a348d8db
Dec 03 06:27:56.619 INFO [stdout]                                at libstd/thread/mod.rs:409
Dec 03 06:27:56.619 INFO [stdout]                                at libstd/panic.rs:313
Dec 03 06:27:56.619 INFO [stdout]                                at libstd/panicking.rs:310
Dec 03 06:27:56.619 INFO [stdout]   17:     0x56026d1d81d9 - __rust_maybe_catch_panic
Dec 03 06:27:56.619 INFO [stdout]                                at libpanic_unwind/lib.rs:102
Dec 03 06:27:56.619 INFO [stdout]   18:     0x56026d17060c - <F as alloc::boxed::FnBox<A>>::call_box::h6bfded618e480b32
Dec 03 06:27:56.619 INFO [stdout]                                at libstd/panicking.rs:289
Dec 03 06:27:56.619 INFO [stdout]                                at libstd/panic.rs:392
Dec 03 06:27:56.619 INFO [stdout]                                at libstd/thread/mod.rs:408
Dec 03 06:27:56.619 INFO [stdout]                                at liballoc/boxed.rs:672
Dec 03 06:27:56.619 INFO [stdout]   19:     0x56026d1c2e6d - std::sys_common::thread::start_thread::h4c28257d67cdf9cb
Dec 03 06:27:56.619 INFO [stdout]                                at liballoc/boxed.rs:682
Dec 03 06:27:56.619 INFO [stdout]                                at libstd/sys_common/thread.rs:24
Dec 03 06:27:56.619 INFO [stdout]   20:     0x56026d1b5df5 - std::sys::unix::thread::Thread::new::thread_start::hfecb2e7eff8fd34f
Dec 03 06:27:56.619 INFO [stdout]                                at libstd/sys/unix/thread.rs:90
Dec 03 06:27:56.619 INFO [stdout]   21:     0x7f4180d5b6b9 - start_thread
Dec 03 06:27:56.619 INFO [stdout]   22:     0x7f418087b41c - clone
Dec 03 06:27:56.619 INFO [stdout]   23:                0x0 - <unknown>
Dec 03 06:27:56.619 INFO [stdout] 
Dec 03 06:27:56.619 INFO [stdout] 
Dec 03 06:27:56.619 INFO [stdout] failures:
Dec 03 06:27:56.619 INFO [stdout]     dnd_activates
Dec 03 06:27:56.619 INFO [stdout] 
Dec 03 06:27:56.619 INFO [stdout] test result: FAILED. 0 passed; 1 failed; 0 ignored; 0 measured; 0 filtered out
Dec 03 06:27:56.619 INFO [stdout] 
Dec 03 06:27:56.620 INFO [stderr] error: test failed, to rerun pass '--test integration_test'
Dec 03 06:27:56.621 INFO [stderr] su: No module specific data is present
Dec 03 06:27:56.863 INFO running `"docker" "inspect" "3a39152c4b7a37df6e470b2c621b9004013332de3fc97ef8029fbfa27356516c"`
Dec 03 06:27:56.948 INFO running `"docker" "rm" "-f" "3a39152c4b7a37df6e470b2c621b9004013332de3fc97ef8029fbfa27356516c"`
Dec 03 06:27:57.108 INFO [stdout] 3a39152c4b7a37df6e470b2c621b9004013332de3fc97ef8029fbfa27356516c
